Calculate i(-7).
-4
Let w be (115/(-15) - -16) + 1/(-3). Let z(k) = 2*k**2 - 18*k + 1. Calculate z(w).
-15
Let s(z) = z**2 + z - 1. Let x be s(-13). Let w(t) = -t**3 + 76*t**2 - 4 - x*t**2 + 79*t**2. Let r be (0 + 1)*(0 - 0). What is w(r)?
-4
Let u(b) = -b**2 + 2*b - 1. Suppose 5 = l + 10, -4*l - 8 = 3*f. Suppose 0 = 2*o - 4*r, -o - f*r = -0*o. Let d be u(o). Let h(y) = -15*y. Calculate h(d).
15
Let i(u) = 125*u + 168*u + 4 - 288*u - u**2. Suppose 7*f - 2*f - 15 = 0, -5*f + 18 = -g. Determine i(g).
-20
Let i(j) = -4*j**2 - 13*j - 51. Let h(v) = -v**2 - 2*v + 4. Let p(c) = 5*h(c) - i(c). Give p(0).
71
Let m be 91/35 + (-1)/((-15)/6). Let a(j) = -3*j - 38 - 41 + 76 - m*j**2. What is a(-2)?
-9
Let g(l) be the first derivative of l**2/2 + 14*l + 66. Let h(a) = 2*a + 32. Let x(r) = -13*g(r) + 6*h(r). What is x(6)?
4
Let f be 5 + (7 - (26 + -4) - -3) - -7. Let h(j) = -j**2 - j - j**3 + j**2 + 9. What is h(f)?
9
Let a(y) = -y + 8. Let r be a(4). Let u(k) = -k - 4. Let v(l) be the second derivative of l**3/6 + 2*l**2 + 47*l. Let j(n) = r*v(n) + 5*u(n). Give j(-2).
-2
Let y be (3*2/9)/(33/396). Let j(c) = c**2 - 9*c - 12. Give j(y).
-20
Let c(i) = -i**2 - 5*i + 4. Let p(l) = 15*l - 131. Let a be p(8). Let t be -4*1*-1 + (-22 - a). Give c(t).
-10
Let y(r) be the first derivative of -15*r**2/2 - 68*r + 307. What is y(-4)?
-8
Let r(c) = -3*c + 8. Let q be (-2484)/(-1173) + (-4)/34. Suppose 0*a + q*a - 8 = 0. Determine r(a).
-4
Let p = 60 - 60. Suppose p = -5*s - 0*s + 15. Let v(x) = x**2 - 4*x**s + 3*x**3 - 6*x + 5*x**2 + 1. Determine v(4).
9
Suppose -13*c - 82 + 238 = 0. Let g(r) = -c + 35 + 16*r - 29*r + 12*r. What is g(12)?
11
Let d(r) = 2*r**3 + 17*r**2 + 39*r + 12. Let y be d(-5). Let z(x) = 2*x**2 + 17*x - 11. Give z(y).
-19
Let f(b) be the third derivative of -b**6/720 - b**5/8 - 31*b**4/24 + 3*b**2 + 29. Let z(d) be the second derivative of f(d). Let p = -11 + 2. Calculate z(p).
-6
Let x(w) = -2*w - 3 + 3 - 2 - w**2. Suppose 137 = -2*m - 4*b + 159, 0 = 4*m + 2*b - 2. What is x(m)?
-5
Let a(w) = 2*w**2 - 9*w - 41. Suppose -3*s = 4*c + 3 + 12, 5*c + 4*s = -19. Calculate a(c).
4
Let r(q) = 4*q - 10. Suppose 2780*h - 2785*h = -25. Suppose -3 = -h*j + 17. Calculate r(j).
6
Suppose r - j - 3 = 0, 2*j - 4*j - 10 = 0. Let a(d) = -3*d + 26. Let o(c) = 9*c - 80. Let i(g) = r*o(g) - 7*a(g). Give i(8).
2
Let x(a) = 2*a**2 - 5*a - 1. Let n(w) = -11*w**2 + 8*w + 5. Let k(z) = 16*z**2 - 12*z - 7. Let m(t) = -5*k(t) - 7*n(t). Let b(y) = -3*m(y) - 4*x(y). Give b(-3).
-11
Let v(y) = -734*y**2 + 90*y - 170*y + 727*y**2 + 1 + 80*y. Suppose w = -5*z + 26, -14 = -3*z - 4*w + 5. Let g = -6 + z. What is v(g)?
-6
Let a(b) be the first derivative of b**4/4 + b**3/3 - b**2/2 + 85*b - 65. Let x(y) be the first derivative of a(y). Suppose -4*j - j = -5. Give x(j).
4
Let i = -4567 - -4561. Let n(a) = a**2 + 13*a + 8. What is n(i)?
-34
Let u(i) be the second derivative of -i**4/12 - 9*i**3/2 - 80*i**2 - 82*i - 16. Determine u(-9).
2
Let d(b) = -20*b - 129. Suppose 4*t + 28 = y, 11*t = 8*t + y - 22. Let w be d(t). Let m(i) = -i**3 - 8*i**2 + 8*i - 5. Determine m(w).
4
Let h(m) be the third derivative of -5/6*m**3 + m**2 + 0*m - 6 - 1/24*m**4. Give h(8).
-13
Let b(t) = -t**2 + 8*t - 18. Let u(v) = v**2 - 9*v + 16. Let g(y) = 4*b(y) + 3*u(y). What is g(6)?
-30
Suppose -5*o + 25 = -2*r - 5, -4*o - r = -11. Let t(u) = -24*u - 21. Give t(o).
-117
Let s(g) = -5*g**3 + 101*g**2 - 21*g + 8. Let u(k) = 3*k**2 - 50*k - 305. Let x be u(-5). Give s(x).
-12
Let y(l) = -l**3 + 9*l**2 - 5*l - 8. Let k be y(6). Suppose 0 = -4*h - h + k. Let r(c) = 12*c**3 + h + 4*c**2 - 13*c**3 - 12. Give r(3).
11
Let m(z) = z + 9. Let u be m(-7). Let y(i) = -7*i + u + 7 - 5 + 5*i + 3. Give y(8).
-9
Suppose 6*j = -3*j + 72. Suppose b = 3*o - 1 - j, -3*o - 9 = 5*b. Let f be (6 - o)*1/(-2). Let m(q) = -q**3 - 2*q - 3. What is m(f)?
9
Let i(d) = -1697 + 852 + 847 + 61*d - 18*d. Determine i(-1).
-41
Let s(u) = -82*u**2 + 8*u + 10. Let m(b) = 55*b**2 - 8*b - 6. Let j(l) = 3*m(l) + 2*s(l). Let k(v) = v + 3. Let z be k(0). What is j(z)?
-13
Let c(y) = y**3 - 7*y**2 - y - 10. Suppose -g = 4*h - 23, -4*g + h - 225 = -249. Give c(g).
-17
Let x(i) be the third derivative of -i**5/60 + i**4/2 + i**3/6 - 16956*i**2. Let b(d) = 3*d**2 + 3*d + 3. Let n be b(-2). What is x(n)?
28
Let c be 16/(-24) - 40/(-6). Let u(m) be the third derivative of 1/120*m**c + 1/2*m**3 + 0 + 0*m**4 + 26*m**2 + 1/20*m**5 + 0*m. Give u(-3).
3
Let r(p) = -513 - p**3 + 510 + 2*p**2 + 2*p**2 - p. Let a(z) = -z**3 + 4*z**2 + 3. Let g be a(4). Give r(g).
3
Suppose 2*j + 77*j - 316 = 0. Let n(b) = b**3 - 4*b**2 - b + 1. Give n(j).
-3
Let q(u) = 3*u + 5. Let z = -12 + 22. Let w be 1/22*70 - z/55. Let x be (-18)/w*(-4)/(-6). Give q(x).
-7
Let r(f) = -7*f + 101. Let d = -12072 - -12086. What is r(d)?
3
Let a(c) = -1 + 10*c**3 + 0 + 0*c - 2*c. Let u(y) = 2*y**2 - 4*y + 16. Let t(b) = -b**2 + 3*b - 15. Let m(p) = 3*t(p) + 2*u(p). Let z be m(-4). Determine a(z).
-9
Let k be 0/4 + (18 - 30). Let w(o) = o**3 + 13*o**2 + 12*o - 2. Calculate w(k).
-2
Let a(v) be the third derivative of -v**5/60 - 7*v**4/24 - 8*v**3/3 - 3*v**2 + 442. What is a(0)?
-16
Let t(i) = -7 - 3*i + 6*i**2 - 6*i + 15*i**2 - 22*i**2. Give t(-6).
11
Let n be (90 - 110)/(2 + -7). Let g(c) be the third derivative of -1/6*c**3 + 0 + c**2 + 1/60*c**5 + 0*c - 1/12*c**4. What is g(n)?
7
Let o(k) = 64 + 227*k**2 - 231*k**2 - 129 + 67 + k**3. Let x(m) = -m**3 - m**2 - 1. Let h be x(-2). Determine o(h).
-7
Suppose -760*k + 753*k = -14. Let d(g) be the first derivative of 0*g + k + 1/2*g**2. What is d(-5)?
-5
Let j(z) = 8*z - 28. Let p be j(4). Suppose p*s - 14 = 2. Suppose -s*r = -0*r - 4. Let c(l) = -l**3. What is c(r)?
-1
Suppose 5*f = -5, 2*h + 2*f - 9 = 9. Let w(x) = 148*x - 52. Let q(s) = 27*s - 10. Let g(d) = -11*q(d) + 2*w(d). Calculate g(h).
-4
Let h(z) be the third derivative of z**4/24 + 2*z**3/3 + 2*z**2. Let p(m) = -m**3 + 5*m**2 - 2*m + 1. Let a be p(5). Let q = -4 - a. Calculate h(q).
9
Suppose 54 = 4*h - 5*r, -5*r - 43 = -2*h - 1. Let q(a) be the second derivative of a**4/12 - 5*a**3/6 - 7*a**2/2 - a. What is q(h)?
-1
Suppose 777 = -8*l + 769. Let h = 9 - 6. Let v(k) = 2*k**3 - 3*k**2 + 3*k - 4. Let n(y) = -6*y**3 + 8*y**2 - 8*y + 11. Let u(i) = h*n(i) + 8*v(i). What is u(l)?
3
Let h(u) = -u - 4. Suppose -3*k = -13 - 5. Let b be ((-21)/(-14))/(((-10)/(-4))/(-5)). Let a be b/(-2*(-3)/k). What is h(a)?
-1
Let c(o) be the first derivative of -11/2*o**2 + 3*o - 12 + 1/3*o**3. Give c(11).
3
Let a(l) = 14*l + 449. Let n be -44 + 18 + -4 + 3/((-6)/4). What is a(n)?
1
Suppose -5 + 2 = k. Let z(h) = -68*h**2 + 2*h - 1. Let o(l) = 135*l**2 - 4*l + 9. Let m(v) = o(v) + 2*z(v). Determine m(k).
-2
Let r(q) be the third derivative of q**5/60 - 7*q**3/6 - 11*q**2 + 9*q. Calculate r(2).
-3
Suppose 9*y + 20 = 13*y. Suppose 0 = -y*x + 3*f + 18, -2*f = 4*x - 3*f - 20. Let j(m) = m**3 - 7*m**2 + 2. What is j(x)?
-34
Let j(y) = -12*y**2. Suppose 6*q - 40 = -4*q. Let a be (q/3)/(40/30). Let b be 12/(-4) - (-1 + a + -4). Calculate j(b).
-12
Suppose -y + 21 = 17. Suppose -4*s + 2*a = -s + 13, -a = -y*s - 14. Let c(l) = -l**3 - 4*l**2 - 3*l - 1. Determine c(s).
-1
Let g be ((-5)/((-90)/(-27)))/((-2)/(-12)). Let x(v) = v**2 + 4*v - 43. Calculate x(g).
2
Suppose -15*i = -9*i - 24. Let w be (i + -3 + 1)*1/2. Let o(c) = c**2 - 2*c**2 + 2 - w. Determine o(0).
1
Suppose -2*r - 23*r - 3*r = -28. Let c(z) be the second derivative of 1/3*z**3 - 7/12*z**4 - 5*z + 0 - 1/2*z**2. What is c(r)?
-6
Let i(f) = -4*f - 135. Let h be ((-23)/((-161)/(-154)))/(4/6). Give i(h).
-3
Suppose -3499 + 3467 = 8*d. Suppose -3*f + 0*s - 4*s - 8 = 0, 0 = -4*f + 4*s + 36. Let b(t) = -f*t - 23 + t + 24. Determine b(d).
13
Let v(y) = y**3 - y**2 + y - 1. Let a(p) = -15*p**3 - 8*p**2 + 6*p - 5. Let o(r) = a(r) - 6*v(r). Calculate o(-1).
20
Let c(o) be the first derivative of 1/4*o**4 + 163 - 4*o + 3*o**3 + 9/2*o**2. Give c(-8).
-12
Let d(c) = 2*c + 34. Let v(u) = 6*u - 67. Let h be v(8). Let p be d(h). Let z(g) = g + 4. Give z(p).
0
Let u(o) = -52*o**2 + 35*o - 187. Let l(d) = -73*d**2 + 53*d - 280. Let q(w) = 5*l(w) - 7*u(w). Give q(14).
-7
Suppose 0 = -78*j + 82*j - 16. Suppose 0 = -4*z - 3*d + 26, 5*z + j*d = 9*d + 15. Let g(q) = -q + 4. G